when 21495381 is divided by 477675?
6
What is the remainder when 140356957 is divided by 670?
667
Calculate the remainder when 23973344 is divided by 101.
85
What is the remainder when 19824 is divided by 19676?
148
Calculate the remainder when 78390817 is divided by 24.
1
What is the remainder when 1085617 is divided by 14280?
337
What is the remainder when 262901 is divided by 1167?
326
Calculate the remainder when 34960431 is divided by 554927.
30
Calculate the remainder when 225450 is divided by 178.
102
Calculate the remainder when 318040 is divided by 1529.
8
Calculate the remainder when 5520462 is divided by 3472.
3454
Calculate the remainder when 1558984 is divided by 167.
39
Calculate the remainder when 35586 is divided by 11381.
1443
What is the remainder when 4891807 is divided by 49916?
39
Calculate the remainder when 368794139 is divided by 52.
51
What is the remainder when 133975 is divided by 389?
159
Calculate the remainder when 20425046 is divided by 167418.
50
What is the remainder when 8567774 is divided by 19?
9
Calculate the remainder when 206981185 is divided by 1994.
1991
Calculate the remainder when 1057624 is divided by 351516.
3076
What is the remainder when 2249585 is divided by 41?
38
Calculate the remainder when 206756 is divided by 41146.
1026
Calculate the remainder when 23454 is divided by 23443.
11
Calculate the remainder when 1544095 is divided by 296.
159
What is the remainder when 1245517 is divided by 1467?
34
Calculate the remainder when 1459921 is divided by 243316.
25
Calculate the remainder when 5791335 is divided by 2900.
35
What is the remainder when 664205 is divided by 664151?
54
Calculate the remainder when 323469 is divided by 107732.
273
What is the remainder when 308373 is divided by 1190?
163
Calculate the remainder when 786344082 is divided by 2855.
2852
Calculate the remainder when 18915701 is divided by 23.
18
What is the remainder when 141010 is divided by 35054?
794
Calculate the remainder when 75922561 is divided by 395.
6
Calculate the remainder when 178998 is divided by 87.
39
What is the remainder when 14175 is divided by 10400?
3775
What is the remainder when 38156763 is divided by 3831?
3
What is the remainder when 863879 is divided by 11216?
247
Calculate the remainder when 229148 is divided by 1.
0
Calculate the remainder when 10295 is divided by 1178.
871
Calculate the remainder when 56388 is divided by 4058.
3634
Calculate the remainder when 25501164 is divided by 151.
133
What is the remainder when 2767042 is divided by 3827?
121
Calculate the remainder when 2518064 is divided by 627.
32
Calculate the remainder when 4417975 is divided by 10620.
55
What is the remainder when 5618430 is divided by 19307?
93
Calculate the remainder when 1049598 is divided by 224.
158
Calculate the remainder when 1053694 is divided by 117.
109
What is the remainder when 1269606 is divided by 302?
300
Calculate the remainder when 1283741 is divided by 178.
5
Calculate the remainder when 46152 is divided by 2304.
72
What is the remainder when 218612 is divided by 1056?
20
What is the remainder when 11694227 is divided by 68?
63
What is the remainder when 19704092 is divided by 96?
92
What is the remainder when 33823148 is divided by 130089?
8
Calculate the remainder when 76799 is divided by 76658.
141
What is the remainder when 4280380 is divided by 404?
0
What is the remainder when 4093116 is divided by 14566?
70
What is the remainder when 13979944 is divided by 59?
12
Calculate the remainder when 4897222 is divided by 3226.
154
Calculate the remainder when 17226 is divided by 16687.
539
Calculate the remainder when 1671478 is divided by 125.
103
Calculate the remainder when 5218069 is divided by 6466.
7
What is the remainder when 13457829 is divided by 359?
355
Calculate the remainder when 65041 is divided by 1052.
869
Calculate the remainder when 69058 is divided by 1069.
642
Calculate the remainder when 401239 is divided by 9119.
3
Calculate the remainder when 13182964 is divided by 1028.
920
What is the remainder when 710460 is divided by 383?
378
Calculate the remainder when 86488 is divided by 2049.
430
What is the remainder when 8425838 is divided by 443?
421
What is the remainder when 338946 is divided by 169430?
86
Calculate the remainder when 7893482 is divided by 1973368.
10
What is the remainder when 1359292 is divided by 1182?
1174
Calculate the remainder when 3333688 is divided by 4656.
4648
Calculate the remainder when 44294 is divided by 3221.
2421
What is the remainder when 1393339 is divided by 3870?
139
Calculate the remainder when 38478 is divided by 38237.
241
What is the remainder when 2887493 is divided by 11?
4
What is the remainder when 7114556 is divided by 156?
20
Calculate the remainder when 61706249 is divided by 225.
224
What is the remainder when 6183629 is divided by 31?
28
What is the remainder when 4146982 is divided by 5089?
4536
Calculate the remainder when 698210 is divided by 4987.
30
Calculate the remainder when 499973 is divided by 574.
19
What is the remainder when 147584 is divided by 856?
352
Calculate the remainder when 3001625 is divided by 1742.
159
What is the remainder when 26908676 is divided by 200811?
2
What is the remainder when 412934 is divided by 71?
69
What is the remainder when 757665 is divided by 3967?
3935
Calculate the remainder when 40191163 is divided by 1339705.
13
What is the remainder when 13731885 is divided by 411?
375
Calculate the remainder when 3316 is divided by 156.
40
What is the remainder when 5580684 is divided by 2011?
159
What is the remainder when 26126 is divided by 440?
166
Calculate the remainder when 102131876 is divided by 558.
20
Calculate the remainder when 33455246 is divided by 207.
113
What is the remainder when 2687522 is divided by 111?
101
What is the remainder when 27991 is divided by 378?
19
What is the remainder when 53308 is divided by 762?
730
Calculate the remainder when 38725 is divided by 98.
15
Calculate the remainder when 50882232 is divided by 5977.
31
Calculate the remainder when 736093 is divided by 3159.
46
Calculate the remainder when 40043170 is divided by 74.
68
Calculate the remainder when 305806288 is divided by 4346.
4344
What is the remainder when 32276 is divided by 6387?
341
What is the remainder when 35249 is divided by 1577?
555
What is the remainder when 65947 is divided by 3982?
2235
What is the remainder when 2789280 is divided by 142?
116
Calculate the remainder when 7180 is divided by 1635.
640
Calculate the remainder when 13312299 is divided by 4958.
69
What is the remainder when 61263 is divided by 1650?
213
Calculate the remainder when 191635 is divided by 27.
16
What is the remainder when 5883374 is divided by 1751?
14
Calculate the remainder when 5016448 is divided by 877.
8
Calculate the remainder when 139781 is divided by 2695.
2336
Calculate the remainder when 4851087 is divided by 5.
2
Calculate the remainder when 5140 is divided by 1480.
700
Calculate the remainder when 211359 is divided by 7825.
84
What is the remainder when 13685371 is divided by 5?
1
What is the remainder when 30551 is divided by 10496?
9559
What is the remainder when 733537 is divided by 61100?
337
What is the remainder when 91989 is divided by 35?
9
What is the remainder when 89471 is divided by 546?
473
Calculate the remainder when 3069872 is divided by 15906.
14
What is the remainder when 335254333 is divided by 20?
13
What is the remainder when 5837 is divided by 5820?
17
What is the remainder when 22445183 is divided by 7481717?
32
Calculate the remainder when 3866397 is divided by 966419.
721
Calculate the remainder when 453332 is divided by 729.
623
What is the remainder when 47348 is divided by 9222?
1238
Calculate the remainder when 3317378 is divided by 4489.
7
Calculate the remainder when 6849 is divided by 5487.
1362
What is the remainder when 4318438 is divided by 120?
118
Calculate the remainder when 48375027 is divided by 330.
327
Calculate the remainder when 521194 is divided by 628.
582
What is the remainder when 14999 is divided by 744?
119
Calculate the remainder when 265726 is divided by 88398.
532
Calculate the remainder when 525677 is divided by 262415.
847
What is the rema